e k(-2).
1
Let k(y) = -18*y - 217. Determine k(-11).
-19
Let u(l) = 3*l + 32. Determine u(-9).
5
Let y(l) = -6*l**2 + 2*l - 1. Determine y(1).
-5
Let b(d) = 2*d - 3. What is b(-6)?
-15
Let f(i) = 3*i**2 + 11*i - 6. What is f(-6)?
36
Let s(r) = 5*r**2 - 145*r - 5. What is s(29)?
-5
Let x(k) = -2*k**2 + 9*k - 3. Calculate x(6).
-21
Let d(t) = -9*t**2 + 71*t + 11. Calculate d(8).
3
Let b(g) = g**3 - 26*g**2 - 8. Give b(26).
-8
Let s(v) = -v**3 - 18*v**2 + 20*v + 34. What is s(-19)?
15
Let a(p) = p**3 + 4*p**2 + 5*p + 4. Determine a(-2).
2
Let a(n) = n**3 - 4*n**2 - 4*n + 4. Calculate a(4).
-12
Let s(f) = 15*f - 96. What is s(0)?
-96
Let i(t) = t**3 - 30*t**2 - 97*t - 62. Give i(33).
4
Let i(v) = v**3 + 8*v**2 + 15*v - 1. Calculate i(-4).
3
Let t(y) = y**2 - 2*y + 9. What is t(5)?
24
Let p(i) = -3*i - 7. What is p(-4)?
5
Let g(d) = 2*d + 7. Determine g(-4).
-1
Let n(b) = -3*b**2 - b + 2. Calculate n(-4).
-42
Let k(z) = -3*z**3 + 33*z**2 + z - 20. Calculate k(11).
-9
Let c(s) = -5*s**2 - 5*s - 2. What is c(-2)?
-12
Let g(a) = -a**3 - 2*a**2 + 7*a + 6. Determine g(-4).
10
Let c(d) = -9*d + 16. What is c(4)?
-20
Let q(y) = -4*y**2 + 4*y - 10. Calculate q(4).
-58
Let p(y) = -y - 2. What is p(7)?
-9
Let x(f) = 4*f**2 - 13*f + 8. Calculate x(3).
5
Let t(k) = -k**3 + 7*k**2 + 5*k - 8. Give t(7).
27
Let w(m) = 27*m + 2. What is w(-1)?
-25
Let a(l) = -l**3 + 7*l**2 - 15*l + 9. Calculate a(4).
-3
Let w(u) = -2*u + 23. Determine w(6).
11
Let o(b) = 14*b + 138. Determine o(-11).
-16
Let d(h) = h**2 + 10*h. Give d(-9).
-9
Let n(z) = 3*z**2 - 19*z + 9. Give n(6).
3
Let u(i) = -i**2 - 11*i + 56. Give u(-13).
30
Let d(j) = j**3 + 8*j**2 - 77*j - 162. Calculate d(-13).
-6
Let q(o) = 4*o - 18. Give q(6).
6
Let j(h) = h**3 + 18*h**2 + 3*h + 19. What is j(-18)?
-35
Let g(t) = 3*t**2 + 15*t - 1. Calculate g(-5).
-1
Let x(n) = -n**2 - 21*n + 77. Give x(-23).
31
Let n(l) = l + 8. Determine n(18).
26
Let p(r) = 4*r**2 - 59*r - 16. Calculate p(15).
-1
Let a(o) = o**2 + 9*o - 8. Calculate a(-9).
-8
Let j(v) = v**3 - 10*v**2 - 9*v - 13. Give j(11).
9
Let l(c) = 2*c**2 - 61*c + 3. What is l(30)?
-27
Let h(b) = b**2 + 3*b - 13. Determine h(0).
-13
Let s(r) = r + 17. Determine s(-6).
11
Let r(w) = w**2 - 18*w + 25. Determine r(17).
8
Let n(p) = 42*p + 416. Determine n(-10).
-4
Let s(m) = -m**3 - 4*m**2 + 1. Determine s(-4).
1
Let u(l) = -l**3 - 4*l**2 + 8*l - 22. Calculate u(-6).
2
Let h(n) = -n**3 + 10*n**2 - 7*n - 17. Give h(9).
1
Let r(l) = l**2 + 3*l - 6. Give r(-10).
64
Let h(f) = 19*f + 77. Calculate h(-3).
20
Let w(h) = h**2 - 11*h - 3. Determine w(3).
-27
Let z(s) = -13*s - 600. Calculate z(-46).
-2
Let g(d) = -12*d**2 - 6*d - 5. What is g(-1)?
-11
Let f(x) = -x**2 + 3*x + 13. Calculate f(6).
-5
Let t(d) = -d + 13. What is t(9)?
4
Let v(l) = l**3 + 12*l**2 + 34*l - 6. Determine v(-7).
1
Let s(y) = -y**3 + 6*y**2 - 5*y + 17. Give s(5).
17
Let g(n) = n**3 + 10*n**2 + 17*n + 2. Determine g(-8).
-6
Let l(t) = -4*t - 29. Give l(-5).
-9
Let n(i) = -i**2 + 18*i - 21. Give n(14).
35
Let z(b) = 2*b + 19. Calculate z(-15).
-11
Let l(w) = w**3 + 55*w**2 + 53*w - 58. Determine l(-54).
-4
Let u(x) = -x**3 + 19*x**2 + 45*x - 43. Determine u(21).
20
Let g(z) = -3*z**2 + 5*z - 6. What is g(4)?
-34
Let i(d) = -d**2 + 11*d - 45. Give i(10).
-35
Let b(r) = -r**2 + 11*r + 6. Determine b(11).
6
Let n(h) = 12*h**2 + 52*h + 10. Calculate n(-4).
-6
Let w(x) = 2*x**2 - 9*x + 6. Calculate w(4).
2
Let o(q) = q - 1. Give o(2).
1
Let x(v) = v**3 - 4*v**2 - 21*v + 5. Give x(6).
-49
Let a(b) = -b**2 - 5*b - 21. What is a(-10)?
-71
Let a(s) = -s**2 + 101. What is a(0)?
101
Let i(z) = z**2 - 36*z + 296. Calculate i(13).
-3
Let k(d) = -d**2 + 23*d - 36. Calculate k(22).
-14
Let d(a) = -a**2 + 4*a - 1. What is d(4)?
-1
Let y(d) = -d**3 - 6*d**2 - 8*d + 2. Determine y(-4).
2
Let v(p) = -p**3 - 5*p**2 + 9*p + 14. Give v(-6).
-4
Let c(k) = k**3 - 12*k**2 + k - 12. Calculate c(12).
0
Let i(n) = -n**2 + 13*n + 27. What is i(15)?
-3
Let m(a) = a**2 - 18*a - 4. Determine m(18).
-4
Let v(u) = -24*u + 147. Give v(6).
3
Let b(r) = -15*r + 74. Give b(5).
-1
Let f(z) = 98*z + 198. What is f(-2)?
2
Let l(g) = 12*g**2 - 2*g. What is l(1)?
10
Let z(m) = m**3 - 9*m**2 + 6*m - 2. Calculate z(7).
-58
Let y(l) = -4*l**2 - 32*l + 34. Determine y(-9).
-2
Let a(z) = 3*z + 27. What is a(10)?
57
Let m(d) = -8*d - 7. Determine m(-1).
1
Let h(b) = b**3 - 4*b**2 + 2*b - 13. Determine h(4).
-5
Let z(p) = p**3 - 8*p**2 - 3*p + 2. What is z(9)?
56
Let g(l) = -9*l - 26. Give g(-3).
1
Let z(n) = -6*n - 1. Determine z(7).
-43
Let k(s) = s**3 - 7*s**2 + 7*s - 1. Calculate k(6).
5
Let w(y) = -y**2 + 2*y - 20. Determine w(0).
-20
Let m(z) = -3*z**2 + z. Calculate m(-1).
-4
Let i(v) = -28*v**2 + v. What is i(1)?
-27
Let g(t) = t**2 - 7*t - 2. Give g(11).
42
Let p(h) = h - 2. Determine p(14).
12
Let l(k) = -k + 15. Give l(-3).
18
Let z(c) = 5*c + 29. Calculate z(-6).
-1
Let i(k) = 4*k - 82. Calculate i(24).
14
Let l(p) = -2*p**3 - 22*p**2 + p + 12. What is l(-11)?
1
Let w(i) = -16*i + 136. Determine w(10).
-24
Let u(q) = q**2 + 2*q - 1. Determine u(1).
2
Let t(i) = 4*i + 9. What is t(-8)?
-23
Let s(h) = 3*h**3. Give s(1).
3
Let r(c) = -c**2 - 19*c - 80. Determine r(-10).
10
Let s(k) = k**3 - 7*k**2 + 7*k - 7. Calculate s(6).
-1
Let c(j) = j - 28. Calculate c(10).
-18
Let d(y) = 28*y - 29. What is d(2)?
27
Let l(g) = 3*g**2 - 20*g. Give l(6).
-12
Let j(u) = -u**3 + 5*u**2 + 8*u + 19. Calculate j(7).
-23
Let w(n) = n**2 - 8*n - 5. Determine w(6).
-17
Let j(t) = 2*t**3 - 8*t**2 - 11*t + 8. Give j(5).
3
Let t(n) = -n**2 + 3*n + 8. What is t(7)?
-20
Let o(q) = q**3 + 6*q**2 - 6*q - 9. Calculate o(-6).
27
Let r(q) = 3*q**3 - 2*q**2 + 3*q + 3. Calculate r(-2).
-35
Let r(g) = -2*g**3 - 15*g**2 + 27*g - 5. Give r(-9).
-5
Let p(s) = s**3 - 9*s**2 - 24*s + 134. Give p(10).
-6
Let r(b) = -b**3 - 2*b**2 - b - 4. Give r(-3).
8
Let z(k) = -2*k**2 - 5*k + 7. What is z(1)?
0
Let f(p) = -2*p + 12. Determine f(-5).
22
Let u(k) = -k**3 + k**2 + 8*k + 9. Calculate u(5).
-51
Let h(q) = -q**3 + q**2 + 10*q - 1. Calculate h(-2).
-9
Let l(s) = 3*s**2 + 21*s + 48. Determine l(-5).
18
Let p(x) = x**3 - 9*x**2 + 7*x + 4. What is p(7)?
-45
Let j(p) = -p**2 - 42*p - 152. Calculate j(-38).
0
Let z(q) = -2*q**2 + 7*q + 124. Give z(10).
-6
Let u(t) = -9*t**2 - 4*t + 2. Give u(1).
-11
Let h(x) = 2*x**2 + 16*x - 27. Give h(-10).
13
Let x(m) = -22*m + 137. Give x(9).
-61
Let k(c) = -7*c**2 + c - 2. Determine k(2).
-28
Let n(h) = -3*h**2 + 34*h - 28. What is n(10)?
12
Let k(f) = -f**2 - 7*f + 2. Determine k(8).
-118
Let o(t) = -26*t**2 - 4*t - 4. What is o(-1)?
-26
Let t(q) = 18*q**2 - 1. What is t(1)?
17
Let m(w) = 7*w**2 + 116. Calculate m(0).
116
Let w(s) = -2*s**2 - 2*s + 57. What is w(0)?
57
Let m(a) = -a**3 - 7*a**2 - 14*a - 8. Calculate m(-4).
0
Let w(f) = -f**2 + 11*f + 5. What is w(9)?
23
Let s(w) = -2*w**3 - w**2 + 4*w + 5. What is s(-2)?
9
Let r(p) = -p. Give r(-3).
3
Let n(q) = 5*q - 1. What is n(-1)?
-6
Let y(z) = z - 13. What is y(11)?
-2
Let v(u) = -15*u**3. What is v(1)?
-15
Let m(v) = 2*v**2 + 61*v - 22. Determine m(-31).
9
Let a(b) = -b**3 - 11*b**2 - 14*b + 45. Calculate a(-9).
9
Let o(u) = 10*u - 48. Give o(8).
32
Let s(q) = -q**3 - 5*q**2 - 6*q. Determine s(-5).
30
Let o(c) = -c**2 - 11*c - 17. Calculate o(-2).
1
Let t(s) = -2*s + 9. Determine t(4).
1
Let q(z) = -z**2 - 2*z + 2. Determine q(-3).
-1
Let z(a) = -2*a**3 - a**2 + 3*a - 19. Give z(0).
-19
Let h(l) = -10*l**3 - 2*l**2 - 3*l + 3. Calculate h(-2).
81
Let l(f) = 2*f - 14. Determine l(3).
-8
Let j(l) = -l**3 + 8*l**2 + 2*l - 7. Calculate j(8).
9
Let t(d) = -4*d**2 - 6*d - 4. Give t(-4).
-44
Let i(q) = 7*q + 115. Determine i(-16).
3
Let d(y) = -10*y + 7. What is d(-3)?
37
Let h(d) = -d - 16. What is h(-7)?
-9
Let p(c) = -c**2 - 6*c - 13. Give p(-6).
-13
Let q(x) = x**2 + 3*x. What is q(-3)?
0
Let j(t) = -t**2 + t. Calculate j(5).
-20
Let l(d) = 2*d - 6. Calculate l(3).
0
Let f(d) = -d + 11. What is f(8)?
3
Let g(r) = 5*r - 11. What is g(10)?
39
Let z(s) = 5*s + 22. What is z(-5)?
-3
Let a(h) = 3*h + 39. Give a(-15).
-6
Let t(k) = k**2 - 11*k - 10. Determine t(13).
16
Let a(d) = -5*d**2 - 35*d - 13. Determine a(-7).
-13
Let k(u) = -u**3 - 12*u**2 + 3*u + 3. Calculate k(-12).
-33
Let m(h) = 2*h + 